 of -l**6/120 - 2*l**5/15 - l**4/6 - 7*l**3/3 + 435*l**2. Determine r(-8).
18
Let j(x) = -32*x + 4175887 - 4175887. Give j(2).
-64
Let f(r) = 7*r**2 + 7*r - 12. Let t(x) = 6*x**2 + 6*x - 11. Let u(k) = 5*f(k) - 6*t(k). Let i = -1860 + 1860. What is u(i)?
6
Let u(y) = -9 - 25 - 28*y - 9*y - 19*y + 76*y. Calculate u(2).
6
Let h(o) = 11 - 22 + 9 - o**3 + 5*o - 3*o**2. Suppose 4*u - b = -0*b - 17, -4*u - 2*b - 26 = 0. Calculate h(u).
23
Let w(y) = y**2 - y - 5. Suppose -174 = -26*m + 23*m. Suppose 72 + m = -5*q. Let d(i) = 2*i + 52. Let j be d(q). Give w(j).
-5
Let t be (7 - 198/27) + 284/6. Suppose -8*w = 41 + t. Let q(v) = 0*v**2 - 11*v**2 + 2*v + 9 + 6 - v**3. Calculate q(w).
-7
Let j be (4/12)/(5/45). Suppose -3*k + k + i - 62 = 0, -j*k + i - 92 = 0. Let a be (3 - -1) + k/5. Let t(c) = -5*c + 1. Calculate t(a).
11
Let x(d) = -10*d - 28. Let w = -2067 + 2072. Let r(y) be the first derivative of -7*y**2/2 - 19*y + 1. Let k(s) = w*x(s) - 7*r(s). Calculate k(-11).
4
Let t(a) = -25520*a**2 + a**3 - 22*a + 6 + 6*a + 25523*a**2. Determine t(-6).
-6
Let f(x) = -2*x + 8. Let n = -3526 - -3534. Determine f(n).
-8
Let o(i) = -5*i + 66. Let j be -17 - 14 - -47 - (3 - 0). Calculate o(j).
1
Let z(v) = -3*v - 11. Let f(y) = 8*y + 31. Let c(x) = 4*f(x) + 11*z(x). Suppose -13 + 19 = 3*w + 5*a, -9 = -w - 4*a. Determine c(w).
6
Let u(y) = 42*y**3 + 3*y**2 + 2*y + 3. Let b(k) = 212*k**3 + 16*k**2 + 12*k + 16. Let h(w) = 2*b(w) - 11*u(w). Calculate h(1).
-38
Let o(z) = -z**2 + 7*z - 2. Suppose 2*f = -32 + 2. Let h = 15 + f. Suppose -u + 5*j + 15 = 0, -4*u + j + h*j = -22. Calculate o(u).
8
Let h(v) = -25*v + 279. Let g be h(11). Let p(d) = -5*d + 5. Let o(b) = -1. Let y(k) = 6*o(k) + p(k). What is y(g)?
-21
Let h = 3499 - 3497. Let b(z) = 4*z - 3 - 3*z - z + 6*z. What is b(h)?
9
Let g(k) = -k**2 + 19*k - 58. Let y be g(12). Suppose 4*x = -46 + y. Let s(f) = -2*f - 2. Determine s(x).
8
Let x(u) = 6*u - 1. Let k be 3*(-12)/9 - -6. Let j(m) = 9 - 22 + 6*m - k*m - m**3 + 5*m - 9*m**2. Let c be j(-10). Give x(c).
-19
Let r = 8471 - 8454. Let c(h) = h**2 - 17*h - 17. Give c(r).
-17
Let j = -159 - -156. Let l be ((-6)/6)/(j/42). Let m(k) = -k**2 + 13*k + 13. Calculate m(l).
-1
Let a(s) = s**3 + s**2 - 41. Let h be 4/(-22) + (-15)/(3795/(-46)). Calculate a(h).
-41
Suppose -96*o = 104*o - 211*o - 11. Let x(k) = 26*k**2 + 2*k. What is x(o)?
24
Suppose -2*y - 32 = 2*y. Let x(l) = l + 1. Let u(p) be the third derivative of p**4/24 + p**3/3 - 12*p**2 + 2*p. Let r(n) = y*x(n) + 5*u(n). Give r(2).
-4
Suppose -2*b + 1893*s - 1896*s = 3, 5*s + 21 = 2*b. Let z(d) be the first derivative of d**4/4 - 2*d**3/3 - d**2/2 - 2*d + 1. Determine z(b).
4
Let a(y) be the second derivative of 0*y**2 - y + 0 + 7/12*y**4 + 1/40*y**5 + 0*y**3 - 1/240*y**6. Let i(j) be the third derivative of a(j). Calculate i(4).
-9
Let i(w) be the second derivative of 59*w - 2*w**2 - 1/6*w**3 + 1/12*w**4 - 1. Determine i(4).
8
Let s(i) = -i**2 + 15*i - 4*i - 23 + 72 - 33. Determine s(7).
44
Let s(d) = -d**3 + 5*d**2 + 7*d - 5. Let g be s(6). Let f(v) be the third derivative of 82*v**2 + 0*v**4 + 0*v**3 - 1/30*v**5 + 0 + 0*v. Determine f(g).
-2
Let a be 12/9 - 40/(-24). Let r be (-6)/(a/(-1) - -5) - -4. Let l(k) = -5*k - k**2 + 0 + r - 5*k + 0. What is l(-9)?
10
Let y be 5 + (-18)/6 + 10. Let r(a) = -a**3 + 11*a**2 + 16*a - 48. Determine r(y).
0
Suppose -4*z - 16 = -2*z. Let v(b) be the third derivative of -b**5/60 - 5*b**4/12 - b**3 - 81*b**2 + 3*b. What is v(z)?
10
Suppose -r + 7*r - 1680 = 0. Let u = r + -141. Suppose -11*v = -29 + u. Let j(i) = i**3 + 9*i**2 - 9*i + 8. Give j(v).
-2
Let t be ((-2)/(-4))/((-8)/16). Let l = -6 - t. Let k(a) = -4 + 2*a - 1 - 1 + 10. Calculate k(l).
-6
Let n(c) = -c**3 - 6*c**2 + 6*c + 5. Let j = 4784 + -4791. Determine n(j).
12
Let a = -30 + 30. Suppose -5*i = -a*i - 180. Let o = -32 + i. Let f(d) = d - 2. Give f(o).
2
Let s(k) = -2*k**3 + 6*k**2 + 23*k - 12. Let a be s(5). Let l(c) = -4*c**2 + 6*c - 5. Determine l(a).
-23
Let o(l) = 3*l. Suppose -4*w + w = -5*f, 5*f + 4*w = 0. Suppose f = 3*b - 1 + 4. Give o(b).
-3
Let d(c) = -2*c + 46. Let m be d(19). Suppose -6 = x - m. Let r(g) = -1535 - 8*g + 1537 + x*g**2 - g**2. Calculate r(8).
2
Let g(x) = x**2 - 4*x + 2. Let c(d) = d**3 - 5*d**2 - 11*d - 17. Let m be c(7). Let a be (9*4)/m - 0. Let y(p) = -4*p + 40. Let r be y(a). Calculate g(r).
2
Let n(p) = p**3 - 12*p**2 + 4*p + 37. Suppose -80 - 132 = -17*x - 25. What is n(x)?
-40
Let q be (11/(-44)*(0 - 0))/(-1). Let f(h) be the second derivative of -h**2 - 1/3*h**3 + q + 20*h. What is f(2)?
-6
Let x(c) be the third derivative of c**8/6720 - c**7/315 + c**6/120 - c**5/24 - c**4/8 - c**2 - 53. Let l(t) be the second derivative of x(t). Give l(7).
-12
Let m(o) = -3*o - 100. Let q(d) = 3*d**2 - 37*d + 68. Let v be q(4). What is m(v)?
-4
Let o(d) be the second derivative of -2/3*d**4 + 0*d**3 + 0 - 3*d**2 - 1/20*d**5 + 68*d. Give o(-8).
-6
Let f(r) be the second derivative of r**4/12 - r**3/6 + 5*r**2/2 + 1875*r. Give f(4).
17
Let j(o) = o + 1. Let r(i) = -i**3 + 4*i**2 - 3*i. Let l(d) = -2*d. Let n be l(-1). Let z be r(n). Suppose 3 = -z*b - 3*k, -k = b + 2 + 1. Determine j(b).
-5
Let h(f) be the third derivative of f**6/120 + 3*f**5/20 - 19*f**4/24 + 7*f**3/2 + 1039*f**2 + 2. Give h(-11).
-12
Suppose 4*u = -0*u + 20. Suppose -9 = 3*y, -3*y - y + 1098 = 5*z. Let m(p) = 4*p + 216*p**2 + p**3 - z*p**2 + 2*p. Calculate m(u).
5
Let b be 8/(-28) - (-128)/7. Let n(v) = -53*v + 24*v + b*v. Calculate n(1).
-11
Let q(x) = x + 5. Suppose -2*s + 92 = 2*m, -m + 10*s + 22 = 5*s. Let i(f) = 3*f - 137. Let y be i(m). What is q(y)?
-6
Suppose -111*d - 82*d - 241*d + 868 = 0. Let z(m) = m**3 + m**2 - 4*m + 3. Calculate z(d).
7
Suppose -27*d = 3*s - 32*d - 5, -s + 30 = 4*d. Let t(w) = -w**2 + 10*w + 11. Calculate t(s).
11
Let x(i) = -175*i - 5245. Let d be x(-30). Let g(w) = -7*w - 7. Determine g(d).
-42
Let c(t) be the second derivative of 11 + 1/10*t**5 + t - 1/2*t**2 + 1/6*t**4 + 0*t**3. What is c(-1)?
-1
Let g(k) = -2*k + 15. Let i be g(-7). Let b(m) = -26*m + 3 - 4 + i*m. Let j = -599 - -593. Determine b(j).
-19
Let k(r) = r**2 + 11*r + 1. Let d = 3487 + -3497. Give k(d).
-9
Let z(t) = -t**2 - 22*t + 59. Suppose -2*o - 31*o - 72 = -30*o. What is z(o)?
11
Let d be 2/12 + ((-380)/(-24) - 26). Let y(f) = -f**2 - 12*f - 22. Calculate y(d).
-2
Let u(s) = -27*s + 217. Let x = -19572 + 19580. Determine u(x).
1
Let f(w) = -54*w + 481. Let i be f(7). Suppose 9 = -16*p - i. Let d(s) = -5*s - 12. Calculate d(p).
23
Let a(n) be the second derivative of n**4/24 - 2*n**3/3 - 63*n**2 + 77*n. Let o(q) be the first derivative of a(q). Give o(9).
5
Let j(c) = -c**3 - 11*c**2 - 7*c + 35. Let m(b) = b**3 - 118*b**2 + 230*b + 222. Let v be m(116). Calculate j(v).
5
Let s(a) = 5*a + 43. Let b(w) = -20*w - 170. Let u(g) = -4*b(g) - 15*s(g). What is u(-8)?
-5
Let j be (6 + -5)/((-7)/(-28)). Suppose -j*r - 37 = 3. Let p(t) = -t**2 - 10*t + 9. What is p(r)?
9
Let d = -13 - -13. Suppose z - n - 1 = d, -5*n = z - 0*n - 7. Suppose -i - z*i = -12. Let w(s) = s**2 - 6*s + 5. What is w(i)?
-3
Let z(t) = -2 - 4*t**2 - t**3 + 2 + 136*t - 73*t - 58*t. Let v(j) = -j**2 + 2*j + 3. Let h be v(-2). Determine z(h).
0
Let p(a) = a**3 + 9*a**2 - 3*a - 1. Let m be p(-9). Let k = m + -2. Let x be k/(-9)*-3 - 4. Let g(v) = -v**2 + 8*v - 4. Determine g(x).
12
Suppose 0 = -2*n + 175 + 67. Suppose -r + 88 = n. Let p be ((-3)/(-1) - 0) + r/(-11). Let m(f) = -f**3 + 7*f**2 - 8*f + 1. Determine m(p).
-11
Let p(s) = 2*s**2 + 40*s + 26. Let t be p(-20). Suppose t = 7*q - 6*q. Let k(a) = q*a - 17*a - 19*a. Give k(1).
-10
Let f(i) be the first derivative of -i**2 + 5*i - 1057. What is f(-5)?
15
Let a(v) be the first derivative of -v**3/3 + 4*v**2 - 7*v + 160. Let g = 85 + -80. Determine a(g).
8
Let t = 84 - 44. Let q = 45 - t. Suppose 0 = -2*v - q*f + 11, 4*v = -v - f - 7. Let m(c) = c**3 - 2*c - 1. Calculate m(v).
-5
Let m(j) = j**3 - 6*j**2 + 4*j. Let b be m(5). Let q = -106 - -98. Let l be (-1*(b - q))/(2 + -3). Let y(z) = z**2 - z + 2. Calculate y(l).
8
Let b(v) = -2*v - 4. Let o(t) = t**3 + 20*t**2 + 20*t + 21. Let d be o(-19). Let w = -7 + 12. Suppose 4*n + 17 = g - n, -d*g - 26 = w*n. Determine b(g).
2
Let g be -654 + 0/(54/(-9)). Let b = 